e 15, what is -b243e7 - -53?
-b24394
In base 5, what is -421344031044 + -10?
-421344031104
In base 5, what is 1 + -12011044211?
-12011044210
In base 8, what is -6157731 - -2?
-6157727
In base 15, what is 6c6 - 153b7?
-14be1
In base 11, what is 50 + 3151?
31a1
In base 16, what is 3d - -8adf?
8b1c
In base 16, what is 4c8fbdd + 2?
4c8fbdf
In base 13, what is b63243 + -6?
b6323a
In base 14, what is 128 + -2078b0?
-207786
In base 10, what is 272 - 70160?
-69888
In base 9, what is -22576617 - 20?
-22576637
In base 8, what is 13374 - 265?
13107
In base 12, what is 1109a + -4911?
8389
In base 11, what is 782380124 - -3?
782380127
In base 2, what is 1000111010000111111 - 11?
1000111010000111100
In base 5, what is 320142403 - -4210?
320202113
In base 11, what is 43 - -572067?
5720aa
In base 11, what is -31a6 + -1253?
-4449
In base 6, what is -10005540213 - 4?
-10005540221
In base 3, what is -1120202 + 102000211111?
101222020202
In base 11, what is -22a - 96711?
-96940
In base 11, what is 61 + -46285?
-46224
In base 12, what is 4 + 2895094?
2895098
In base 5, what is 24210 + 10042122?
10121332
In base 4, what is 3223 - -320310222?
320320111
In base 11, what is -3759112 + 5?
-3759108
In base 8, what is 10 - -102705561?
102705571
In base 11, what is a915a682 + -4?
a915a679
In base 2, what is -100001000111010110000 - 100?
-100001000111010110100
In base 4, what is -1323130021 - 303130?
-1330033211
In base 6, what is 400140 + -40?
400100
In base 7, what is -635 - 2453514?
-2454452
In base 15, what is -1a976 - 14?
-1a98a
In base 9, what is 83 - 164057?
-163864
In base 7, what is -136 + -115302?
-115441
In base 9, what is -582 + 14880?
14287
In base 10, what is 229917 + 13?
229930
In base 5, what is -431321113420 + -4?
-431321113424
In base 3, what is -12 + 2202110011010?
2202110010221
In base 13, what is 3 - 10c595b1?
-10c595ab
In base 6, what is -3 - -535020543?
535020540
In base 10, what is 2088912 - 12?
2088900
In base 8, what is -1531 - 4425627?
-4427360
In base 13, what is 30 + -47248?
-47218
In base 15, what is 28 - 3a98?
-3a70
In base 7, what is 20331553546 + -1?
20331553545
In base 13, what is 1 - 712984?
-712983
In base 3, what is -22211101101 - -111222?
-22210212102
In base 10, what is 3 + -837737?
-837734
In base 7, what is 311154 - -151?
311335
In base 15, what is -3 + bb30952?
bb3094e
In base 3, what is -110210102 - -1120021?
-102020011
In base 2, what is -1110001101100101 + -11011001?
-1110010000111110
In base 3, what is -11010120222021 + -21?
-11010120222112
In base 2, what is 10 - 101001111000101001001111001?
-101001111000101001001110111
In base 14, what is 2648176 - -1?
2648177
In base 4, what is 22112012 - 12?
22112000
In base 2, what is -1001000011001000 - 10000111?
-1001000101001111
In base 13, what is -11 + 316438?
316427
In base 10, what is 5 - 1595989?
-1595984
In base 5, what is 34204002 - 11304?
34142143
In base 13, what is 24c0 - -10a3?
3593
In base 8, what is 3526 - 600557?
-575031
In base 9, what is -1 - -30315671?
30315670
In base 16, what is -19d + 6361?
61c4
In base 6, what is -13034123053 + -3?
-13034123100
In base 3, what is -1121011202 - -220000?
-1120021202
In base 5, what is 103010324404 - -4?
103010324413
In base 14, what is 4 - -11abd45?
11abd49
In base 12, what is 114 - -5588a0?
5589b4
In base 13, what is 100ca729b - -2?
100ca72a0
In base 2, what is 11101110001011011000110010011 + 1?
11101110001011011000110010100
In base 12, what is 1 + 3ba7b?
3ba80
In base 16, what is 1 - -4347be?
4347bf
In base 7, what is 11606 + 3550?
15456
In base 2, what is 10101010101110110100 + -100000011?
10101010101010110001
In base 8, what is -55 - 6070066?
-6070143
In base 7, what is -10021214 + 1453?
-10016431
In base 9, what is -107727 - 1707?
-110535
In base 10, what is 5 + -7495411?
-7495406
In base 3, what is -12 + -2110002210210011?
-2110002210210100
In base 4, what is -32122 - -30012?
-2110
In base 5, what is 212303110142 - 4?
212303110133
In base 2, what is -10100011110000100100001 - -101011?
-10100011110000011110110
In base 8, what is 16411 - -604?
17215
In base 4, what is -2200 - 1020203230?
-1020212030
In base 14, what is 8d03a25 + 7?
8d03a2c
In base 15, what is -a843580 - -a?
-a843575
In base 3, what is -222000102222112 + -101?
-222000102222220
In base 5, what is 234232322 + 112?
234232434
In base 8, what is 4115303 + -6?
4115275
In base 5, what is -11011303 + -231?
-11012034
In base 11, what is -1551a6a1 + -1a?
-1551a710
In base 11, what is 9 + -379394?
-379386
In base 8, what is -5142 + -2674?
-10036
In base 3, what is 1210000 + -1201020221?
-1122110221
In base 5, what is -311143 + -1?
-311144
In base 3, what is 20221 + 100111110212?
100111201210
In base 8, what is -1603 - -70426?
66623
In base 14, what is 33514 - 525?
32dcd
In base 13, what is -13 - 348711?
-348724
In base 8, what is -1 + 447013071?
447013070
In base 6, what is 5 - -124544433?
124544442
In base 6, what is 32554 - -443120?
520114
In base 12, what is -9852 + -146?
-9998
In base 13, what is 571518 + 7?
571522
In base 5, what is -132432 + 44110?
-33322
In base 3, what is -2120010001021 - -111001?
-2120002120020
In base 10, what is -735866 + -2?
-735868
In base 13, what is -235c7 + -aa3?
-2439a
In base 4, what is -23212310 - 2023?
-23220333
In base 15, what is 483e2 - -5?
483e7
In base 14, what is -68 + a776b?
a7703
In base 8, what is 76 - 10136127?
-10136031
In base 14, what is -251 + -3b5a?
-3dab
In base 6, what is 5025 + 1052?
10121
In base 6, what is 24 + -1211543424?
-1211543400
In base 11, what is -20a44565 - -3?
-20a44562
In base 3, what is 12 - -111001020101220?
111001020102002
In base 13, what is 2 - -880ba1?
880ba3
In base 3, what is -20112200220010 + -2?
-20112200220012
In base 13, what is 44 + -aa2cac?
-aa2c68
In base 12, what is 90a6092 - -2?
90a6094
In base 13, what is -1063 - -2b656?
2a5c3
In base 2, what is 1 - 1000110010001111011001110?
-1000110010001111011001101
In base 14, what is -130bd7 + 1b4?
-130a23
In base 13, what is -1ba8a2c + -10?
-1ba8a3c
In base 6, what is 2442530132 - -14?
2442530150
In base 4, what is 122 + 321301301212?
321301302000
In base 13, what is -38a027 + -7?
-38a031
In base 7, what is 12636603 + 132?
12640035
In base 10, what is 5072 - 9747?
-4675
In base 3, what is -101 - 11010020100102?
-11010020100210
In base 7, what is 5043 - 5455560?
-5450514
In base 16, what is -17bd5 - be7?
-187bc
In base 15, what is 70ac2 - 92?
70a30
In base 16, what is d + -1c0e4?
-1c0d7
In base 14, what is -36c2c - -29?
-36c03
In base 5, what is 2040014 + 333223?
2423242
In base 16, what is -dd9ef - -b3?
-dd93c
In base 11, what is -17788623 - -3?
-17788620
In base 6, what is 1021041425 + 4?
1021041433
In base 4, what is -102010 + -10323?
-112333
In base 7, what is 2360 - -46062?
51452
In base 13, what is -6b - -a4bb7?
a4b49
In base 8, what is 64536 - -246?
65004
In base 9, what is -6241 - 2344?
-8585
In base 5, what is -224131321 + 14?
-224131302
In base 5, what is -34 + 132113211?
132113122
In base 6, what is -21020345 + -20?
-21020405
In base 8, what is 2 + -11746564?
-11746562
In base 7, what is -1451114 + -2154?
-1453301
In base 15, what is 7b9c3a0 - 3?
7b9c39c
In base 3, what is -1011111 - 22120121?
-100202002
In base 13, what is 10318c - 38?
103154
In base 13, what is 93c79b - 10?
93c78b
In base 13, what is -38434a + -89?
-384406
In base 10, what is -350 + -15912?
-16262
In base 12, what is 307044 - 17?
307029
In base 10, what is -8 + -398653?
-398661
In base 13, what is 25 - 191699?
-191674
In base 3, what is -10022210101 + 21010?
-10022112021
In base 8, what is -146244336 + -2?
-146244340
In base 15, what is -99a - -2a7a4?
29d09
In base 3, what is 1 + 101120210212022?
101120210212100
In base 4, what is -11302102 - -22011?
-11220031
In base 16, what is -133ec - -37?
-133b5
In base 2, what is -10101010100010100100 - -1100110110?
-10101010010101101110
In base 5, what is 1012212 + 1130?
1013342
In base 13, what is -5 - -201311c?
2013117
In base 9, what is 38486774 - -6?
38486781
In base 5, what is 122321 - 1232?
121034
In base 8, what is 0 + 25762751?
25762751
In base 2, what is 100101 + 10010101101000110100100?
10010101101000111001001
In base 14, what is a956 - -1dd8?
c950
In base 5, what is -113343 - 103442?
-222340
In base 10, what is -2346